{"id":24,"date":"2016-02-12T08:13:06","date_gmt":"2016-02-12T08:13:06","guid":{"rendered":"http:\/\/demos.famethemes.com\/onepress-plus\/?page_id=24"},"modified":"2020-06-16T13:00:16","modified_gmt":"2020-06-16T13:00:16","slug":"service-title-2","status":"publish","type":"page","link":"https:\/\/cloudsurfers.it\/index.php\/service-title-2\/","title":{"rendered":"Cloud Computing"},"content":{"rendered":"<p>Tutti ne parlano, pochi lo applicano per davvero : Cloud Computing \u00e8 ben lontano dall\u2019essere il semplice paradigma del \u201cserver di altri\u201d. Possiamo approfondire con te e per te le migliori soluzioni basate su Microsoft Azure, AWS e Google Cloud. Scopri con noi le potenzialit\u00e0 dei servizi gestiti Azure, e del perch\u00e9 a volte una semplice Virtual Machine non \u00e8 la soluzione migliore per il tuo business!<\/p>\n","protected":false},"excerpt":{"rendered":"<p>Possiamo approfondire con te e per te le migliori soluzioni basate su Microsoft Azure, AWS e Google Cloud.<\/p>\n","protected":false},"author":2,"featured_media":0,"parent":0,"menu_order":0,"comment_status":"closed","ping_status":"closed","template":"","meta":{"footnotes":""},"class_list":["post-24","page","type-page","status-publish","hentry"],"_links":{"self":[{"href":"https:\/\/cloudsurfers.it\/index.php\/wp-json\/wp\/v2\/pages\/24","targetHints":{"allow":["GET"]}}],"collection":[{"href":"https:\/\/cloudsurfers.it\/index.php\/wp-json\/wp\/v2\/pages"}],"about":[{"href":"https:\/\/cloudsurfers.it\/index.php\/wp-json\/wp\/v2\/types\/page"}],"author":[{"embeddable":true,"href":"https:\/\/cloudsurfers.it\/index.php\/wp-json\/wp\/v2\/users\/2"}],"replies":[{"embeddable":true,"href":"https:\/\/cloudsurfers.it\/index.php\/wp-json\/wp\/v2\/comments?post=24"}],"version-history":[{"count":0,"href":"https:\/\/cloudsurfers.it\/index.php\/wp-json\/wp\/v2\/pages\/24\/revisions"}],"wp:attachment":[{"href":"https:\/\/cloudsurfers.it\/index.php\/wp-json\/wp\/v2\/media?parent=24"}],"curies":[{"name":"wp","href":"https:\/\/api.w.org\/{rel}","templated":true}]}}